{"id":33,"date":"2016-08-01T14:16:37","date_gmt":"2016-08-01T14:16:37","guid":{"rendered":"http:\/\/kelliestessoprano.com\/?page_id=33"},"modified":"2022-10-20T12:17:50","modified_gmt":"2022-10-20T12:17:50","slug":"about","status":"publish","type":"page","link":"https:\/\/kelliestessoprano.com\/de\/about\/","title":{"rendered":"\u00dcber"},"content":{"rendered":"<p><\/p>\n<p class=\"gara\"><a href=\"http:\/\/kelliestessoprano.com\/wp-content\/uploads\/2022\/10\/IMG_8639-2-scaled.jpg\"><img loading=\"lazy\" class=\"size-medium wp-image-435 alignleft\" src=\"http:\/\/kelliestessoprano.com\/wp-content\/uploads\/2022\/10\/IMG_8639-2-225x300.jpg\" alt=\"\" width=\"225\" height=\"300\" srcset=\"https:\/\/kelliestessoprano.com\/wp-content\/uploads\/2022\/10\/IMG_8639-2-225x300.jpg 225w, https:\/\/kelliestessoprano.com\/wp-content\/uploads\/2022\/10\/IMG_8639-2-768x1024.jpg 768w, https:\/\/kelliestessoprano.com\/wp-content\/uploads\/2022\/10\/IMG_8639-2-1152x1536.jpg 1152w, https:\/\/kelliestessoprano.com\/wp-content\/uploads\/2022\/10\/IMG_8639-2-1536x2048.jpg 1536w, https:\/\/kelliestessoprano.com\/wp-content\/uploads\/2022\/10\/IMG_8639-2-480x640.jpg 480w, https:\/\/kelliestessoprano.com\/wp-content\/uploads\/2022\/10\/IMG_8639-2-scaled.jpg 1920w\" sizes=\"(max-width: 225px) 100vw, 225px\" \/><\/a><\/p>\n<p class=\"gara\">Die Sopranistin Kelli Estes ist in Oklahoma, in den USA aufgewachsen. Dort begann sie auch mit ihrem Gesangsunterricht. Unter der Leitung von Dr. Dolores Leffingwell schloss sie im Jahr 2009 mit dem Bachelor in Musik an der Universit\u00e4t von Oklahoma ab. W\u00e4hrend ihrer Studienzeit an der Universit\u00e4t portr\u00e4tierte sie La Contessa in Mozarts \u201eLe Nozze di Figaro\u201c, das K\u00fcchenjunge in Dvo\u0159\u00e1ks \u201eRusalka\u201c und den zweiten Knaben in Mozarts \u201eDie Zauberfl\u00f6te\u201c. Danach zog sie nach New York City und besuchte das Mannes College The New School for Music. Unter der Leitung von Ruth Falcon und Beth Roberts schloss sie im Jahr 2011 mit dem Master Diplom ab.<\/p>\n<p class=\"gara\">\u00a0\u00a0\u00a0\u00a0\u00a0Im Sommer 2014 begann Kelli im Manhattan Opera Studio und sang in der Rolle der Papagena und der K\u00f6nigin der Nacht in Mozarts \u201eDie Zauberfl\u00f6te\u201c. Im Sommer 2015 nahm sie an der Lotte Lehmann Akademie in Perleberg, Deutschland teil. Im Sommer 2016 nahm sie an der Music Academy International in Mezzano, Italien teil. Einerseits trat sie in den Rollen des Amor und der Damigella in Monteverdis \u201eL&#8217;incoronazione di Poppea\u201c auf, andererseits als Minnie in Strauss&#8216; \u201eDie Fledermaus\u201c. Erst k\u00fcrzlich hat Kelli sich mit der Berlin Opera Academy um die Rolle des Echo in ihre 2017 Produktion von \u201eAriadne auf Naxos\u201c und La Contessa in ihre 2019 Produktion von \u201eLe Nozze di Figaro&#8220; ausgef\u00fchrt.<\/p>\n<p>&nbsp;<\/p>\n<p class=\"gara\">\u00a0\u00a0\u00a0\u00a0\u00a0Heute lebt Kelli in Stuttgart, Deutschland.<\/p>\n<p><\/p>","protected":false},"excerpt":{"rendered":"<p>Die Sopranistin Kelli Estes ist in Oklahoma, in den USA aufgewachsen. Dort begann sie auch mit ihrem Gesangsunterricht. Unter der Leitung von Dr. Dolores Leffingwell schloss sie im Jahr 2009 mit dem Bachelor in Musik an der Universit\u00e4t von Oklahoma ab. W\u00e4hrend ihrer Studienzeit&#8230;<\/p>\n","protected":false},"author":1,"featured_media":0,"parent":0,"menu_order":0,"comment_status":"closed","ping_status":"closed","template":"","meta":[],"_links":{"self":[{"href":"https:\/\/kelliestessoprano.com\/de\/wp-json\/wp\/v2\/pages\/33"}],"collection":[{"href":"https:\/\/kelliestessoprano.com\/de\/wp-json\/wp\/v2\/pages"}],"about":[{"href":"https:\/\/kelliestessoprano.com\/de\/wp-json\/wp\/v2\/types\/page"}],"author":[{"embeddable":true,"href":"https:\/\/kelliestessoprano.com\/de\/wp-json\/wp\/v2\/users\/1"}],"replies":[{"embeddable":true,"href":"https:\/\/kelliestessoprano.com\/de\/wp-json\/wp\/v2\/comments?post=33"}],"version-history":[{"count":92,"href":"https:\/\/kelliestessoprano.com\/de\/wp-json\/wp\/v2\/pages\/33\/revisions"}],"predecessor-version":[{"id":441,"href":"https:\/\/kelliestessoprano.com\/de\/wp-json\/wp\/v2\/pages\/33\/revisions\/441"}],"wp:attachment":[{"href":"https:\/\/kelliestessoprano.com\/de\/wp-json\/wp\/v2\/media?parent=33"}],"curies":[{"name":"wp","href":"https:\/\/api.w.org\/{rel}","templated":true}]}}

Über

<p></p>
<p class="gara"><a href="http://kelliestessoprano.com/wp-content/uploads/2022/10/IMG_8639-2-scaled.jpg"><img loading="lazy" class="size-medium wp-image-435 alignleft" src="http://kelliestessoprano.com/wp-content/uploads/2022/10/IMG_8639-2-225x300.jpg" alt="" width="225" height="300" srcset="https://kelliestessoprano.com/wp-content/uploads/2022/10/IMG_8639-2-225x300.jpg 225w, https://kelliestessoprano.com/wp-content/uploads/2022/10/IMG_8639-2-768x1024.jpg 768w, https://kelliestessoprano.com/wp-content/uploads/2022/10/IMG_8639-2-1152x1536.jpg 1152w, https://kelliestessoprano.com/wp-content/uploads/2022/10/IMG_8639-2-1536x2048.jpg 1536w, https://kelliestessoprano.com/wp-content/uploads/2022/10/IMG_8639-2-480x640.jpg 480w, https://kelliestessoprano.com/wp-content/uploads/2022/10/IMG_8639-2-scaled.jpg 1920w" sizes="(max-width: 225px) 100vw, 225px" /></a></p>
<p class="gara">Die Sopranistin Kelli Estes ist in Oklahoma, in den USA aufgewachsen. Dort begann sie auch mit ihrem Gesangsunterricht. Unter der Leitung von Dr. Dolores Leffingwell schloss sie im Jahr 2009 mit dem Bachelor in Musik an der Universität von Oklahoma ab. Während ihrer Studienzeit an der Universität porträtierte sie La Contessa in Mozarts „Le Nozze di Figaro“, das Küchenjunge in Dvořáks „Rusalka“ und den zweiten Knaben in Mozarts „Die Zauberflöte“. Danach zog sie nach New York City und besuchte das Mannes College The New School for Music. Unter der Leitung von Ruth Falcon und Beth Roberts schloss sie im Jahr 2011 mit dem Master Diplom ab.</p>
<p class="gara">     Im Sommer 2014 begann Kelli im Manhattan Opera Studio und sang in der Rolle der Papagena und der Königin der Nacht in Mozarts „Die Zauberflöte“. Im Sommer 2015 nahm sie an der Lotte Lehmann Akademie in Perleberg, Deutschland teil. Im Sommer 2016 nahm sie an der Music Academy International in Mezzano, Italien teil. Einerseits trat sie in den Rollen des Amor und der Damigella in Monteverdis „L&#8217;incoronazione di Poppea“ auf, andererseits als Minnie in Strauss&#8216; „Die Fledermaus“. Erst kürzlich hat Kelli sich mit der Berlin Opera Academy um die Rolle des Echo in ihre 2017 Produktion von „Ariadne auf Naxos“ und La Contessa in ihre 2019 Produktion von „Le Nozze di Figaro&#8220; ausgeführt.</p>
<p>&nbsp;</p>
<p class="gara">     Heute lebt Kelli in Stuttgart, Deutschland.</p>
<p></p>

<p>Die Sopranistin Kelli Estes ist in Oklahoma, in den USA aufgewachsen. Dort begann sie auch mit ihrem Gesangsunterricht. Unter der Leitung von Dr. Dolores Leffingwell schloss sie im Jahr 2009 mit dem Bachelor in Musik an der Universität von Oklahoma ab. Während ihrer Studienzeit&#8230;</p>
